 5425313 composite?
True
Is 265441577 a composite number?
False
Is 238913681 prime?
True
Is 1450303 a prime number?
False
Is 1392067 prime?
False
Is 46154239 prime?
False
Is 822262963 composite?
True
Is 3818113 composite?
True
Is 34737809 composite?
False
Is 197446279 a prime number?
False
Is 75140027 prime?
True
Is 2580031 prime?
True
Is 851723 a composite number?
False
Is 889311 a composite number?
True
Is 72062323 prime?
True
Is 68163367 a prime number?
True
Is 8415681 composite?
True
Is 153310181 composite?
False
Is 47315537 a composite number?
False
Is 18141787 prime?
True
Is 698749 a prime number?
False
Is 32974222 prime?
False
Is 1593407005 prime?
False
Is 3045107 a prime number?
False
Is 1768981 a prime number?
False
Is 34407997 a composite number?
True
Is 7064753 a prime number?
True
Is 408623183 prime?
False
Is 408790274 composite?
True
Is 567287 a prime number?
False
Is 15297991 a prime number?
True
Is 776155847 a prime number?
True
Is 163973 a composite number?
False
Is 7797877 a prime number?
True
Is 20595923 prime?
True
Is 9216541 composite?
True
Is 179452919 a composite number?
False
Is 88927705 a prime number?
False
Is 2040803 a prime number?
True
Is 103842383 a prime number?
False
Is 9309418 a composite number?
True
Is 1071312859 a prime number?
True
Is 1162513097 a composite number?
False
Is 55017923 a composite number?
False
Is 2983733 composite?
True
Is 28950821 a composite number?
False
Is 914143 prime?
False
Is 456386543 prime?
False
Is 990307 a composite number?
False
Is 3585557 a prime number?
True
Is 1961797 composite?
False
Is 11294027 prime?
True
Is 5348869 a composite number?
False
Is 3671587 prime?
True
Is 5729567 prime?
True
Is 12531709 prime?
True
Is 38993 a composite number?
False
Is 10197301 prime?
True
Is 6543167 composite?
True
Is 8435993 composite?
True
Is 52194077 a prime number?
False
Is 277935787 a prime number?
True
Is 149293 prime?
False
Is 604638497 a prime number?
False
Is 7652569 prime?
True
Is 8294263 a prime number?
True
Is 47956861 a composite number?
True
Is 46827187 composite?
True
Is 25458857 a composite number?
False
Is 7260334 prime?
False
Is 3591613 a composite number?
False
Is 44463077 composite?
False
Is 228646699 prime?
True
Is 10912663 a prime number?
False
Is 39847481 a prime number?
False
Is 229465471 prime?
True
Is 47945323 composite?
True
Is 43419401 a composite number?
False
Is 311894111 a prime number?
True
Is 122848847 a composite number?
True
Is 467407 a prime number?
False
Is 5925441 a prime number?
False
Is 2298749 a prime number?
True
Is 2695787 a composite number?
False
Is 1965913 a prime number?
True
Is 61261877 a prime number?
True
Is 134592733 prime?
False
Is 4081303 prime?
True
Is 9671189 prime?
False
Is 5517979 a prime number?
False
Is 91058347 composite?
True
Is 24293767 a prime number?
False
Is 670259981 a prime number?
True
Is 15162697 composite?
True
Is 61540981 prime?
False
Is 8527721 composite?
True
Is 43410889 composite?
False
Is 8999 a composite number?
False
Is 3829373 a composite number?
False
Is 132421 a prime number?
True
Is 65767409 a prime number?
False
Is 14384939 a prime number?
False
Is 17317061 a prime number?
False
Is 3001679 a prime number?
False
Is 10991345 composite?
True
Is 433033 composite?
False
Is 909523 a prime number?
False
Is 121556389 prime?
True
Is 840859 prime?
True
Is 28929391 a prime number?
True
Is 169743313 composite?
False
Is 24656087 a composite number?
False
Is 37161781 prime?
True
Is 370981 prime?
False
Is 146609 a prime number?
True
Is 19739123 composite?
False
Is 6371237 prime?
True
Is 10986191 prime?
False
Is 230253043 prime?
True
Is 15684589 composite?
False
Is 2591723 composite?
True
Is 25094581 composite?
False
Is 1998805 a composite number?
True
Is 1494271 prime?
False
Is 8405669 prime?
True
Is 2142817 a composite number?
True
Is 15577091 prime?
False
Is 5049511 a prime number?
True
Is 470377 composite?
True
Is 7981705 prime?
False
Is 42275381 a prime number?
True
Is 32649251 a prime number?
True
Is 43698901 composite?
False
Is 490934859 a composite number?
True
Is 5653381 composite?
False
Is 2743493 prime?
True
Is 34124743 prime?
True
Is 92837981 composite?
True
Is 2844691 a composite number?
False
Is 7631759 a composite number?
True
Is 7036889 prime?
True
Is 130868249 composite?
True
Is 35837759 a composite number?
False
Is 372059731 composite?
True
Is 10980239 composite?
False
Is 986603 a prime number?
False
Is 4695709 composite?
True
Is 16671121 composite?
False
Is 243577 composite?
False
Is 84718163 a composite number?
False
Is 17257727 composite?
False
Is 39864529 a composite number?
False
Is 716357819 prime?
True
Is 2800219 a composite number?
False
Is 7136123 a composite number?
False
Is 17857681 prime?
False
Is 36317927 composite?
True
Is 24363641 composite?
False
Is 50981 a composite number?
True
Is 1431251 composite?
True
Is 53505167 a prime number?
True
Is 239493939 composite?
True
Is 18004553 composite?
True
Is 8324759 a composite number?
False
Is 4159999 composite?
True
Is 63411437 composite?
True
Is 11377739 composite?
True
Is 2344469 a composite number?
False
Is 8031299 composite?
False
Is 2514794 a prime number?
False
Is 695939 composite?
False
Is 32713489 a prime number?
True
Is 67637 prime?
False
Is 87173347 a composite number?
True
Is 50734667 composite?
True
Is 384206111 composite?
False
Is 13058291 composite?
False
Is 4119421 a composite number?
True
Is 8733617 a prime number?
True
Is 61166474 composite?
True
Is 13130186 a composite number?
True
Is 3526169 composite?
False
Is 621685 composite?
True
Is 52106323 composite?
True
Is 892187 prime?
False
Is 12646417 a prime number?
False
Is 94572839 composite?
False
Is 422129747 composite?
True
Is 680489 composite?
False
Is 10996991 a composite number?
True
Is 1839647 a prime number?
True
Is 37701787 composite?
False
Is 4333333 composite?
True
Is 109210217 a prime number?
True
Is 16693997 prime?
False
Is 94569043 a composite number?
False
Is 27861047 prime?
True
Is 128621 a prime number?
True
Is 61154645 prime?
False
Is 22883527 a composite number?
True
Is 977971 prime?
True
Is 2552287 composite?
True
Is 57586201 prime?
True
Is 21202927 prime?
False
Is 891421 prime?
True
Is 4175053 composite?
False
Is 2839019 composite?
False
Is 423139 a prime number?
False
Is 2204507 a composite number?
False
Is 7303231 prime?
False
Is 33616441 composite?
True
Is 190941143 composite?
False
Is 108320623 prime?
False
Is 82376755 a prime number?
False
Is 9887629 a composite number?
False
Is 2493701 a prime number?
False
Is 788927 prime?
True
Is 33556049 a prime number?
False
Is 6993839 prime?
True
Is 11798999 composite?
False
Is 97894527 a composite number?
True
Is 73918817 composite?
True
Is 184227851 a prime number?
False
Is 4920329 prime?
True
Is 3895921 composite?
False
Is 162854387 a composite number?
True
Is 179818861 a composite number?
False
Is 6876839 composite?
True
Is 13171721 composite?
False
Is 125008967 a composite number?
False
Is 1325671 a prime number?
False
Is 18016361 prime?
False
Is 53837009 a prime number?
True
Is 668149 composite?
True
Is 527550473 a prime number?
True
Is 2629897 a prime number?
True
Is 3332677 prime?
False
Is 14670517 a prime number?
False
Is 3521471 a composite number?
True
Is 3189085 prime?
False
Is 393537983 a composite number?
True
Is 4862497 composite?
True
Is 418328677 composite?
True
Is 1299491 a composite number?
False
Is 14228261 composite?
False
Is 72854423 composite?
True
Is 403009 a prime number?
False
Is 60469831 prime?
False
Is 3462981 a composite number?
True
Is 5314987 composite?
False
Is 4840351 composite?
True
Is 47809033 a prime number?
True
Is 1484222 a prime number?
False
Is 6963395 prime?
False
Is 50840957 a prime number?
True
Is 4811087 composite?
False
Is 7178009 a composite number?
True
Is 158434303 prime?
True
Is 37616059 composite?
True
Is 396346 a composite number?
True
Is 22283441 composite?
False
Is 22039471 prime?
True
Is 8306261 composite?
False
Is 23732047 composite?
True
Is 175364141 a composite number?
False
Is 181651843 prime?
True
Is 201731087 a prime number?
False
Is 140370731 prime?
True
Is 8353963 prime?
False
Is 27683219 a composite number?
False
Is 18409318 a composite number?
True
Is 202151 